
6
Let i(h) = -1618736*h - 19424850. Calculate i(-12).
-18
Let b(s) = -13*s**2 - 181*s + 17135. Determine b(30).
5
Let g(y) = -2*y**3 - 88*y**2 + 801*y + 31982. Calculate g(-45).
-13
Let h(w) = -212*w - 598. Give h(-7).
886
Let x(l) = -71858*l + 2515024. Give x(35).
-6
Let p(o) = -o**2 - 1112*o + 50870. Give p(44).
6
Let r(l) = -7*l**3 + 223*l**2 + 2115*l - 66659. What is r(32)?
-3
Let w(u) = 2*u**3 + 23*u**2 - 124*u + 47. Determine w(5).
252
Let x(o) = 33*o**2 - 2425*o - 11638. Determine x(78).
-16
Let n(b) = -148*b + 1714. What is n(-12)?
3490
Let d(w) = -w**3 - 8*w**2 + 492*w + 4945. What is d(-10)?
225
Let l(x) = 4500*x + 1408510. Calculate l(-313).
10
Let j(b) = -2281*b - 567949. Give j(-249).
20
Let z(j) = j**3 + 7*j**2 + 10763*j + 75354. Determine z(-7).
13
Let h(j) = 4*j**3 + 53*j**2 - 27*j - 39. Determine h(-4).
661
Let x(s) = -302*s**2 - 1409*s + 540. What is x(-5)?
35
Let c(u) = -74609*u + 1119137. What is c(15)?
2
Let y(o) = 1452*o + 1196. Calculate y(0).
1196
Let z(y) = -y**3 + 38*y**2 - 183*y - 2410. Give z(15).
20
Let t(x) = -2*x**3 - 4*x**2 + 114*x + 789. Give t(-8).
645
Let x(k) = 1474*k - 16168. What is x(11)?
46
Let c(d) = 3*d**3 + 220*d**2 - 3863*d + 793. Determine c(-88).
1
Let w(v) = v**3 + 34*v**2 - 29*v + 508. Calculate w(-36).
-1040
Let c(p) = p**3 + 8*p**2 - 157*p + 20. Calculate c(9).
-16
Let k(x) = -2*x**3 - 153*x**2 - 736*x + 25. Determine k(-5).
130
Let j(x) = 47*x**2 - 1027*x - 13072. Determine j(-9).
-22
Let a(s) = -71*s**2 - 7283*s + 3095. Give a(-103).
5
Let z(f) = 14953*f - 134508. Determine z(9).
69
Let r(q) = -3*q**2 + 21*q + 2909. Determine r(42).
-1501
Let w(r) = r**3 + 78*r**2 - 33*r + 513. Give w(-79).
-3121
Let d(g) = 20892*g - 6936134. Determine d(332).
10
Let j(h) = -864*h**2 + 8658*h - 49. Calculate j(10).
131
Let y(w) = 1291*w**3 + 9039*w**2 + 20*w + 53. Determine y(-7).
11
Let w(o) = 42*o**3 - 1303*o**2 + 10*o + 464. Determine w(31).
-187
Let w(h) = -h**2 - 14059*h - 56193. Give w(-4).
27
Let y(k) = 182*k - 8768. Determine y(49).
150
Let n(p) = -p**2 - 349*p + 9336. Give n(25).
-14
Let a(j) = 4*j**3 - 1318*j**2 + 4721*j - 51179. Give a(326).
3
Let p(m) = -m**3 + 396*m**2 - 11978*m - 355. Calculate p(363).
8
Let c(d) = 4*d**3 + 3*d**2 - 39*d - 84. Determine c(-3).
-48
Let n(s) = 1203*s**2 - 2938*s - 15381. Determine n(5).
4
Let w(a) = 49976*a - 1999033. What is w(40)?
7
Let p(b) = -986*b - 46144. What is p(-46)?
-788
Let g(w) = -2*w**2 + 127*w + 13767. Determine g(-57).
30
Let n(j) = j**3 + 8*j**2 + 65*j + 318. Calculate n(-7).
-88
Let b(l) = 1888*l - 32605. Give b(17).
-509
Let t(y) = 1115944*y - 3347822. Give t(3).
10
Let k(j) = 85*j - 14113. Calculate k(161).
-428
Let p(s) = -5*s**2 + 6197*s - 68181. Determine p(11).
-619
Let a(s) = 3662*s - 21803. Calculate a(6).
169
Let f(d) = d**3 - 9*d**2 - 316*d + 3323. Calculate f(14).
-121
Let q(m) = 5*m**3 + 189*m**2 - 108*m - 82. Determine q(1).
4
Let o(z) = 44*z**2 - 3260*z + 46. What is o(74)?
-250
Let m(u) = -u**3 - 52*u**2 + 305*u + 3482. Determine m(-6).
-4
Let v(n) = -n**3 - 37*n**2 + 69*n + 1130. What is v(-38)?
-48
Let o(s) = -70*s - 1555. Calculate o(-17).
-365
Let v(a) = -a**3 + 12*a**2 - 67*a + 342. Calculate v(5).
182
Let o(b) = 19*b**3 - 290*b**2 - 15*b + 775. Determine o(15).
-575
Let s(k) = 2511*k + 19497. What is s(-8)?
-591
Let t(a) = -65639*a - 590778. Determine t(-9).
-27
Let x(w) = 2*w**2 + 350*w - 47389. Give x(90).
311
Let z(c) = -17*c**2 - 312*c - 8. Give z(-18).
100
Let r(x) = -2*x**2 + 290*x - 7159. Determine r(32).
73
Let a(x) = 2*x**3 - 933*x**2 - 472*x + 2345. What is a(467)?
10
Let l(x) = 988790*x + 14831850. Determine l(-15).
0
Let j(o) = -2928*o - 144294. Give j(-49).
-822
Let d(k) = 5*k**3 + 5*k**2 - 153*k - 324. Determine d(-2).
-38
Let l(z) = -2*z**3 - 224*z**2 + 1082*z + 144718. Give l(-111).
-26
Let j(s) = -1146*s - 58863. What is j(-51)?
-417
Let s(d) = 8036*d + 707172. Calculate s(-88).
4
Let t(h) = 5*h**2 - 1470*h - 17876. Calculate t(306).
484
Let s(n) = -3*n + 143. Give s(41).
20
Let a(q) = 3613*q + 21667. Calculate a(-6).
-11
Let o(n) = -5*n**2 - 710*n - 23365. What is o(-52)?
35
Let x(s) = 3614*s - 15891. Determine x(4).
-1435
Let z(s) = 65*s + 176. Calculate z(-3).
-19
Let s(q) = -2*q**3 - 33*q**2 - q - 211. Calculate s(-16).
-451
Let s(r) = 2*r**3 - 240*r**2 + 475*r + 141. Give s(118).
495
Let v(j) = -744*j + 216504. Give v(291).
0
Let o(f) = 1677*f + 268320. What is o(-160)?
0
Let z(u) = 17*u**3 + 15*u**2 - 58*u + 74. Give z(3).
494
Let u(i) = -65*i - 5158. Determine u(-62).
-1128
Let p(a) = 41*a**2 - 10567*a + 10562. Determine p(1).
36
Let q(a) = 596*a**2 + 10730*a + 26. Determine q(-18).
-10
Let t(n) = -105*n - 5171. What is t(-43)?
-656
Let l(r) = 33398*r + 467574. Calculate l(-14).
2
Let w(d) = 498*d - 6135. Give w(11).
-657
Let g(o) = -o**2 + 731719*o + 9. Calculate g(0).
9
Let v(i) = i**3 - 22*i**2 - 608*i - 2356. Determine v(-5).
9
Let r(o) = -37*o**3 - 39*o**2 + 46*o + 66. Give r(2).
-294
Let h(u) = 743*u**2 - 18574*u + 40. Give h(25).
65
Let n(j) = 3*j**3 + 5*j**2 - 17. Calculate n(5).
483
Let h(s) = 3*s**3 - 32*s**2 - 7*s + 12. Give h(9).
-456
Let w(j) = 80*j**2 + 84*j + 520. Determine w(-8).
4968
Let v(q) = -90014*q - 2340411. Calculate v(-26).
-47
Let t(o) = -32*o**2 - 165*o - 52. Give t(-9).
-1159
Let f(j) = -5*j**2 - 4016*j + 90778. Give f(22).
6
Let k(z) = -2*z**3 - 27*z**2 - 143*z - 14. What is k(-8)?
426
Let f(t) = 6*t**2 + 3532*t + 53857. Determine f(-573).
-5
Let q(j) = 17*j**3 - 219*j**2 + 194*j - 164. Calculate q(12).
4
Let q(n) = -5439*n - 37992. Determine q(-7).
81
Let f(p) = -4*p**2 + 246*p - 5779. Determine f(28).
-2027
Let w(j) = j**3 + 28*j**2 - 709*j + 75. Give w(16).
-5
Let b(g) = -60*g**3 + 2*g**2 + 1091*g - 1092. Determine b(1).
-59
Let d(u) = 3*u**3 + 547*u**2 + 16161*u - 11455. What is d(-145)?
0
Let c(l) = 6*l**3 - l**2 + 58*l - 239. Give c(4).
361
Let d(v) = v**3 + 13*v**2 + 22*v + 343. What is d(-14)?
-161
Let z(o) = 4*o**2 - 799*o + 39787. Determine z(105).
-8
Let f(i) = i**3 - 33*i**2 + 120*i + 14. Calculate f(29).
130
Let u(h) = -h**3 + 33291*h**2 + 166490*h + 40. Calculate u(-5).
-10
Let o(p) = 5034*p - 1736730. Give o(345).
0
Let z(f) = f**3 + 37*f**2 - 30*f - 286. Calculate z(-39).
-2158
Let h(p) = 3*p**2 + 384*p + 5945. Give h(-110).
5
Let q(f) = -f**3 + 8*f**2 - 51*f - 137. Give q(10).
-847
Let i(o) = -67*o**2 + 1400*o + 225. Determine i(21).
78
Let q(l) = 4*l**2 + 1603*l + 35847. Give q(-377).
32
Let u(f) = 474*f - 65086. Give u(137).
-148
Let q(r) = r**3 - 121*r**2 + 2241*r + 294. Determine q(23).
-5
Let c(m) = 2*m**3 + 266*m**2 - 9401*m - 36. Give c(29).
-181
Let p(t) = 7*t**2 - 29*t - 585. Give p(12).
75
Let k(x) = 2*x**2 + 56*x + 232. Calculate k(38).
5248
Let c(d) = 58*d + 4081. What is c(-71)?
-37
Let c(s) = s**2 - 14875*s - 1121265. Give c(-75).
-15
Let j(m) = 7*m**3 - 239*m**2 - 230*m - 122. Calculate j(35).
-822
Let h(w) = -2*w**2 + 21*w + 11507. Determine h(-71).
-66
Let m(k) = -33615*k - 201701. What is m(-6)?
-11
Let i(n) = 10*n**2 + 27161*n + 54312. What is i(-2)?
30
Let a(o) = 2348*o - 412879. Give a(176).
369
Let u(h) = h**3 - 139*h**2 - 9*h + 1105. Determine u(139).
-146
Let h(n) = 3*n**2 + 18607*n - 55858. Calculate h(3).
-10
Let k(c) = -1159*c + 28907. Calculate k(25).
-68
Let f(y) = -20*y**2 + 13450*y + 33832. What is f(675)?
82
Let c(d) = -1017*d - 136476. Give c(-135).
819
Let c(n) = 22*n**2 - 277*n + 857. What is c(6)?
-13
Let b(m) = -902*m**2 + 20745*m + 12. Determine b(23).
-11
Let f(u) = -u**3 + 86*u**2 - 816*u - 39172. Give f(-16).
-4
Let h(i) = -14*i**3 + 14102*i**2 + 10219*i - 140116. Calculate h(1008).
-4
Let z(b) = -1134*b**2 + 6707*b + 565. Calculate z(6).
-17
Let u(o) = 2079*o - 176726. Give u(85).
-11
Let u(p) = -58165*p + 116330. What is u(2)?
0
Let w(v) = -3*v**3 - 240*v**2 - 462*v + 174. Give w(-78).
-294
Let x(u) = -5*u**2 + 1341*u - 17112. Give x(13).
-524
Let i(o) = -1092*o**2 - 6614*o - 5758. What is i(-5)?
12
Let g(q) = -11*q - 1095. Calculate g(-80).
-215
Let w(t) = -1855*t - 314. Calculate w(-1).
1541
Let n(u) = 216638*u + 2166387. Calculate n(-10).
7
Let a(d) = 32*d**2 - 413*d - 967. Give a(15).
38
Let j(l) = 20*l**3 - 220*l**2 - 1125*l + 12377. Give j(11).
2
Let z(t) = 3*t**3 + 130*t**2 - 3719*t - 130. What is z(-6